{"id":3856,"date":"2022-02-17T12:01:45","date_gmt":"2022-02-17T15:01:45","guid":{"rendered":"https:\/\/vidaharomas.com.ar\/?post_type=product&#038;p=3856"},"modified":"2025-10-01T09:56:11","modified_gmt":"2025-10-01T12:56:11","slug":"aromatizador-mini-antitabaco","status":"publish","type":"product","link":"https:\/\/vidaharomas.com.ar\/index.php\/producto\/aromatizador-mini-antitabaco\/","title":{"rendered":"Aromatizador Mini Antitabaco"},"content":{"rendered":"","protected":false},"excerpt":{"rendered":"<p>Una composici\u00f3n armoniosa que fusiona en el coraz\u00f3n acordes florales de jazm\u00edn fresco, flores de lavanda, naranja y menta crespa la salida denota una fuerte presencia de tomillo rojo , eucalipto mentolado y pino con una base de almizcle blanco , cedro Texas y s\u00e1ndalo.<\/p>\n","protected":false},"featured_media":3915,"template":"","meta":[],"product_brand":[],"product_cat":[95,204],"product_tag":[],"class_list":{"0":"post-3856","1":"product","2":"type-product","3":"status-publish","4":"has-post-thumbnail","6":"product_cat-saphirus","7":"product_cat-mini","9":"first","10":"instock","11":"purchasable","12":"product-type-simple"},"_links":{"self":[{"href":"https:\/\/vidaharomas.com.ar\/index.php\/wp-json\/wp\/v2\/product\/3856","targetHints":{"allow":["GET"]}}],"collection":[{"href":"https:\/\/vidaharomas.com.ar\/index.php\/wp-json\/wp\/v2\/product"}],"about":[{"href":"https:\/\/vidaharomas.com.ar\/index.php\/wp-json\/wp\/v2\/types\/product"}],"version-history":[{"count":1,"href":"https:\/\/vidaharomas.com.ar\/index.php\/wp-json\/wp\/v2\/product\/3856\/revisions"}],"predecessor-version":[{"id":3916,"href":"https:\/\/vidaharomas.com.ar\/index.php\/wp-json\/wp\/v2\/product\/3856\/revisions\/3916"}],"wp:featuredmedia":[{"embeddable":true,"href":"https:\/\/vidaharomas.com.ar\/index.php\/wp-json\/wp\/v2\/media\/3915"}],"wp:attachment":[{"href":"https:\/\/vidaharomas.com.ar\/index.php\/wp-json\/wp\/v2\/media?parent=3856"}],"wp:term":[{"taxonomy":"product_brand","embeddable":true,"href":"https:\/\/vidaharomas.com.ar\/index.php\/wp-json\/wp\/v2\/product_brand?post=3856"},{"taxonomy":"product_cat","embeddable":true,"href":"https:\/\/vidaharomas.com.ar\/index.php\/wp-json\/wp\/v2\/product_cat?post=3856"},{"taxonomy":"product_tag","embeddable":true,"href":"https:\/\/vidaharomas.com.ar\/index.php\/wp-json\/wp\/v2\/product_tag?post=3856"}],"curies":[{"name":"wp","href":"https:\/\/api.w.org\/{rel}","templated":true}]}}