{"id":3170,"date":"2022-02-17T11:52:38","date_gmt":"2022-02-17T14:52:38","guid":{"rendered":"https:\/\/vidaharomas.com.ar\/?post_type=product&#038;p=3170"},"modified":"2025-10-01T09:55:33","modified_gmt":"2025-10-01T12:55:33","slug":"aromatizador-mini-linah","status":"publish","type":"product","link":"https:\/\/vidaharomas.com.ar\/index.php\/producto\/aromatizador-mini-linah\/","title":{"rendered":"Aromatizador Mini Linah"},"content":{"rendered":"","protected":false},"excerpt":{"rendered":"<p>Din\u00e1mica y energ\u00e9tica mezcla de c\u00edtricos con sutiles acordes frutales; en la salida se combinan acordes de naranja amarga, lim\u00f3n y bergamota.<\/p>\n","protected":false},"featured_media":3226,"template":"","meta":[],"product_brand":[],"product_cat":[95,204],"product_tag":[],"class_list":{"0":"post-3170","1":"product","2":"type-product","3":"status-publish","4":"has-post-thumbnail","6":"product_cat-saphirus","7":"product_cat-mini","9":"first","10":"instock","11":"purchasable","12":"product-type-simple"},"_links":{"self":[{"href":"https:\/\/vidaharomas.com.ar\/index.php\/wp-json\/wp\/v2\/product\/3170","targetHints":{"allow":["GET"]}}],"collection":[{"href":"https:\/\/vidaharomas.com.ar\/index.php\/wp-json\/wp\/v2\/product"}],"about":[{"href":"https:\/\/vidaharomas.com.ar\/index.php\/wp-json\/wp\/v2\/types\/product"}],"version-history":[{"count":1,"href":"https:\/\/vidaharomas.com.ar\/index.php\/wp-json\/wp\/v2\/product\/3170\/revisions"}],"predecessor-version":[{"id":3227,"href":"https:\/\/vidaharomas.com.ar\/index.php\/wp-json\/wp\/v2\/product\/3170\/revisions\/3227"}],"wp:featuredmedia":[{"embeddable":true,"href":"https:\/\/vidaharomas.com.ar\/index.php\/wp-json\/wp\/v2\/media\/3226"}],"wp:attachment":[{"href":"https:\/\/vidaharomas.com.ar\/index.php\/wp-json\/wp\/v2\/media?parent=3170"}],"wp:term":[{"taxonomy":"product_brand","embeddable":true,"href":"https:\/\/vidaharomas.com.ar\/index.php\/wp-json\/wp\/v2\/product_brand?post=3170"},{"taxonomy":"product_cat","embeddable":true,"href":"https:\/\/vidaharomas.com.ar\/index.php\/wp-json\/wp\/v2\/product_cat?post=3170"},{"taxonomy":"product_tag","embeddable":true,"href":"https:\/\/vidaharomas.com.ar\/index.php\/wp-json\/wp\/v2\/product_tag?post=3170"}],"curies":[{"name":"wp","href":"https:\/\/api.w.org\/{rel}","templated":true}]}}